9).
-2
Let x(g) = 7*g - 25. Determine x(-1).
-32
Let w(f) = 2*f**3 + 15*f**2 - 9*f - 4. Give w(-8).
4
Let x(r) = -r**3 + 10*r**2 + 15*r - 11. Determine x(11).
33
Let z(b) = 2*b + 9. Calculate z(0).
9
Let x(o) = -o**2 - 6*o - 3. Determine x(-6).
-3
Let l(a) = a**2 + 5*a + 2. Determine l(-9).
38
Let s(g) = -2*g**2 - 14*g - 4. What is s(-11)?
-92
Let q(k) = -4*k + 94. What is q(22)?
6
Let t(z) = -16*z + 130. Calculate t(7).
18
Let t(g) = 123*g. What is t(1)?
123
Let a(k) = k**3 - 9*k**2 + 7*k - 9. Determine a(8).
-17
Let s(u) = -2*u**2 + 3*u - 1. Determine s(2).
-3
Let k(o) = -2*o**3 + 23*o**2 - 8*o + 13. Give k(11).
46
Let d(c) = -3*c - 3. Give d(7).
-24
Let q(x) = -x - 4. Determine q(18).
-22
Let t(y) = y**3 - 2*y**2 - 5*y + 7. Calculate t(2).
-3
Let g(b) = -2*b + 10. Calculate g(-4).
18
Let m(u) = -u**2 + 30*u - 24. What is m(30)?
-24
Let z(a) = a - 5. Calculate z(7).
2
Let g(u) = -u**3 - 6*u**2 + 4*u + 4. What is g(-6)?
-20
Let w(a) = -143*a + 135. Give w(1).
-8
Let p(t) = -t**2 + 11*t - 10. Give p(9).
8
Let y(i) = -i**2 + 3*i + 25. Give y(6).
7
Let a(f) = -f**3 + 5*f**2 - 4*f + 3. Determine a(3).
9
Let p(f) = 61*f - 1. Determine p(-1).
-62
Let d(j) = -j**2 + 42*j - 9. Determine d(0).
-9
Let s(u) = u**3 - 11*u**2 - 12*u + 14. Calculate s(12).
14
Let c(f) = -2*f**3 + 78*f**2 + 2*f - 68. Give c(39).
10
Let v(g) = -3*g + 36. Determine v(12).
0
Let h(y) = 4*y**2 - 2*y - 3. What is h(-3)?
39
Let h(n) = -n**3 - 5*n**2 + 3*n + 6. Determine h(-4).
-22
Let l(u) = -u**2 - 14*u + 4. Give l(-8).
52
Let w(g) = -g**3 + 20*g**2 - g + 18. Give w(20).
-2
Let w(d) = 3*d**2 + 15*d - 8. What is w(-9)?
100
Let x(k) = 2*k + 11. Calculate x(-7).
-3
Let w(y) = 2*y**2 + 19*y. Calculate w(-9).
-9
Let g(i) = i**2 + 10*i + 8. What is g(-1)?
-1
Let p(o) = -o**3 + 7*o**2 - 7*o - 14. What is p(5)?
1
Let u(a) = a**2. Give u(3).
9
Let k(b) = 2*b**3 - 7*b**2 + 2*b + 12. Give k(5).
97
Let m(f) = 3*f. Determine m(-8).
-24
Let z(k) = k**3 + 9*k**2 - 9*k + 11. Calculate z(-10).
1
Let z(w) = 4*w - 40. Give z(9).
-4
Let t(k) = k**3 + 20*k**2 + 3*k + 56. Determine t(-20).
-4
Let t(s) = -s**2 - 22*s - 14. Determine t(-24).
-62
Let s(o) = -5*o + 6. Give s(-3).
21
Let g(s) = -4*s + 16. Give g(5).
-4
Let g(o) = -o**2 - 9*o - 5. Give g(-3).
13
Let s(t) = -22*t + 279. Calculate s(13).
-7
Let m(p) = -13*p - 65. What is m(-11)?
78
Let a(n) = n**2 + 5*n - 17. Give a(-10).
33
Let k(t) = -t**3 + 4*t**2 + 7*t + 8. Calculate k(6).
-22
Let n(j) = -j**3 + 8*j**2 + 8*j + 13. What is n(9)?
4
Let u(k) = 3*k - 57. Give u(18).
-3
Let z(l) = l**3 + 23*l**2 + 27*l + 78. Calculate z(-22).
-32
Let f(k) = 12*k**2 + 26*k + 3. What is f(-2)?
-1
Let w(y) = y**3 + 6*y**2 + 10*y + 17. Give w(-4).
9
Let o(x) = x**2 - 22*x + 61. Determine o(3).
4
Let m(x) = -21*x**2 + 126*x + 7. Give m(6).
7
Let o(p) = p**2 - 4*p - 38. Give o(-5).
7
Let z(d) = -d**2 - 18*d - 64. What is z(-6)?
8
Let o(t) = -t - 4. Determine o(-10).
6
Let l(w) = -w**2 - 4*w + 48. Calculate l(-11).
-29
Let j(d) = -d**2 - 13*d + 2. What is j(-7)?
44
Let w(b) = -2*b - 22. Determine w(-7).
-8
Let h(d) = -14*d**3 - d**2 + d. What is h(1)?
-14
Let z(b) = -2*b**3 - 3*b**2 + 1. What is z(-3)?
28
Let x(a) = -2*a**2 + 81*a - 117. Determine x(39).
0
Let z(r) = -r**3 + 12*r**2 - 10*r + 5. Determine z(11).
16
Let u(t) = -3*t**3 + t**2 + 3*t - 2. Determine u(1).
-1
Let f(n) = n**3 - 45*n**2 + 200*n - 4. Determine f(40).
-4
Let d(b) = -b**2 + 43*b - 247. Determine d(36).
5
Let o(v) = 7*v - 11. Calculate o(4).
17
Let c(y) = y**3 + 4*y**2 + y + 8. Determine c(-4).
4
Let j(v) = -35*v - 16. What is j(-1)?
19
Let w(n) = -n**3 + 6*n**2 - 20*n + 114. Give w(6).
-6
Let a(o) = -o + 1. Determine a(-1).
2
Let d(r) = r + 3. What is d(-5)?
-2
Let z(r) = -r**2 - 5*r. Calculate z(-2).
6
Let f(a) = 7*a + 10. What is f(-4)?
-18
Let f(y) = 2*y**2 - 38*y + 34. What is f(17)?
-34
Let l(s) = -2*s - 5. Give l(7).
-19
Let u(a) = -8*a - 2. What is u(-3)?
22
Let v(i) = 6*i + 2. Determine v(-4).
-22
Let m(r) = r**3 - 3*r**2 + 9*r - 8. What is m(5)?
87
Let n(j) = j - 4. What is n(10)?
6
Let r(b) = b + 66. Calculate r(-22).
44
Let h(r) = -r**3 + 8*r**2 + r - 7. Calculate h(8).
1
Let p(z) = -2*z + 4. Calculate p(-3).
10
Let i(v) = v**3 + 5*v**2 - v - 4. Determine i(-5).
1
Let f(x) = 5*x + 11. Give f(0).
11
Let y(u) = -u**3 + 10*u**2 + 13*u - 16. Give y(11).
6
Let q(r) = -r**3 + r**2 + 21*r + 3. What is q(5)?
8
Let m(a) = -a**2 + 19*a + 30. Give m(16).
78
Let j(u) = 2*u - 95. Give j(43).
-9
Let z(a) = -2*a + 43. Give z(12).
19
Let f(t) = -5*t**2 + 16*t + 2. What is f(4)?
-14
Let l(w) = -38*w - 117. What is l(-3)?
-3
Let p(y) = 9*y - 6. Give p(5).
39
Let v(p) = 2*p - 6. Determine v(13).
20
Let d(s) = -6*s**2 - 108*s - 4. Calculate d(-18).
-4
Let k(o) = -27*o - 10. Give k(-5).
125
Let y(o) = -o**3 - 14*o**2 - 2*o - 20. Determine y(-14).
8
Let y(z) = -3*z**2 - 5*z + 3. Calculate y(-3).
-9
Let o(v) = 3*v - 1. Determine o(0).
-1
Let m(q) = -q. Determine m(-5).
5
Let z(x) = x**3 - x**2 - x + 1. What is z(2)?
3
Let k(t) = -t**3 - 5*t**2 + 6*t + 11. Determine k(-6).
11
Let i(a) = -a**3 + 6*a**2 + 5*a + 7. What is i(7)?
-7
Let o(l) = -28*l**2 - l. What is o(1)?
-29
Let i(v) = 10*v + 1. What is i(-2)?
-19
Let n(l) = l**3 - 4*l + 1. Determine n(-4).
-47
Let s(l) = 3*l + 28. Determine s(-9).
1
Let r(u) = u**3 - 4*u**2 - 4*u + 1. Calculate r(3).
-20
Let u(a) = -2*a**2 - 20*a + 12. What is u(-10)?
12
Let z(v) = v**2 + 2*v - 3. Calculate z(2).
5
Let u(a) = -a**3 - 6*a**2 - 26. Give u(-7).
23
Let j(h) = h**3 - h**2 - h + 5. What is j(0)?
5
Let d(m) = -m**2 + 10*m + 17. Calculate d(13).
-22
Let u(c) = -35*c - 166. What is u(-5)?
9
Let o(q) = q**2 + 8*q + 9. What is o(-6)?
-3
Let i(h) = -h**2 - 19*h - 9. Calculate i(-6).
69
Let a(q) = 7*q**2 - 9*q + 6. Give a(5).
136
Let v(k) = k**2 - 2*k - 84. What is v(0)?
-84
Let h(v) = -5*v**2 - 67*v - 17. Calculate h(-13).
9
Let v(f) = 7*f + 11. Calculate v(4).
39
Let z(g) = -g**2 - 14*g - 8. Determine z(-13).
5
Let g(l) = -49*l. What is g(-1)?
49
Let f(u) = -2*u - 12. Calculate f(4).
-20
Let c(x) = 13*x - 11. What is c(5)?
54
Let d(j) = 80*j + 239. Determine d(-3).
-1
Let g(u) = -u**3 - 6*u**2 + 38*u - 16. Give g(-10).
4
Let g(l) = 22*l + 67. Give g(-3).
1
Let k(q) = -6*q**2 - 4*q + 1. What is k(-3)?
-41
Let m(z) = z - 1. What is m(6)?
5
Let b(o) = -2*o - 12. What is b(-14)?
16
Let p(i) = -i**2 + 27*i - 113. Determine p(22).
-3
Let i(d) = d**3 + 23*d**2 - 5. Calculate i(-23).
-5
Let v(q) = -q**2 + 24. Determine v(6).
-12
Let m(a) = 6*a - 9. Determine m(5).
21
Let n(l) = -l**2 - 2. What is n(0)?
-2
Let g(n) = -3*n**3 + 3*n**2 - 3*n + 2. Calculate g(2).
-16
Let r(m) = 30*m - 1. Calculate r(1).
29
Let u(n) = n**2 - 5*n + 8. Determine u(7).
22
Let j(h) = -h + 13. Determine j(0).
13
Let q(x) = x**2 + 6*x - 7. Calculate q(7).
84
Let j(m) = -m**3 - 5*m**2 + 6*m + 8. Calculate j(-6).
8
Let s(v) = -v**3 + 27*v**2 + 59*v - 22. Determine s(29).
7
Let j(k) = k**3 - 8*k**2 + 13*k + 4. Calculate j(6).
10
Let t(z) = -29*z + 210. Calculate t(7).
7
Let r(m) = -3*m**3 - 2*m**2 - 2*m - 1. Give r(-1).
2
Let h(f) = -f**2 - 11*f + 6. Calculate h(-11).
6
Let v(k) = 3*k**3 - 8*k**2 - 2*k - 5. Calculate v(4).
51
Let s(w) = w**3 + 9*w**2 + 5*w - 14. What is s(-8)?
10
Let x(m) = m - 30. Give x(18).
-12
Let s(l) = 5*l - 14. What is s(6)?
16
Let j(i) = -i**3 + 10*i**2 - 16*i - 10. Give j(7).
25
Let l(p) = -23*p + 279. Calculate l(14).
-43
Let d(m) = m**3 + 16. Give d(0).
16
Let s(q) = q**2 + 4*q - 9. Give s(0).
-9
Let v(h) = h**2 + 15*h + 4. Calculate v(-17).
38
Let n(l) = -4*l**3 - 3*l**2 + 2*l + 2. What is n(-3)?
77
Let w(x) = -28*x**2 - 5*x + 4. Determine w(1).
-29
Let z(o) = o**2 + o + 5. What is z(-6)?
35
Let p(q) = q**3 - 8*q**2 - 9*q + 67. What is p(8)?
-5
Let x(v) = v + 13. Give x(-8).
5
Let x(i) = i**2 + 11*i - 54. Calculate x(-16).
26
Let q(f) = -22*f**3 + f**2 - f + 1. Give q(1).
-21
Let f(n) = -346*n + 1388. Calculate f(4).
4
Let v(m) = 3*m. Give v(0).
0
Let p(h) = 3*h - 6. Calculate p(13).
33
Let n(b) = -b**2 + 11*b - 29. Give n(12).
-41
Let y(g) = g**2 + 7*g - 46. Give y(-11).
-2
Let v(h) = h**3 - 8*h**2 + 2*h + 4. What is v(8)?
20
Let p(r) = r**3 - 9*r**2 + 7*r - 2. Calculate p(8).
-10
Let d(y) = -6*y + 6. What is d(-3)?
24
Let m(p) = 5*p - 65. Give m(9).
-20
Let v(d) = -8*d + 11